hat is the remainder when u is divided by 9?
6
Suppose 132 = h + i, -3*h + 5*i - 54 + 442 = 0. Calculate the remainder when h is divided by 69.
62
Let z = -824 - -1137. Calculate the remainder when z is divided by 106.
101
Suppose -x = -4 - 3. Suppose -2 = -f - x. Let g(j) = 2*j**2. What is the remainder when g(f) is divided by 13?
11
Suppose 5*x - 73 = -2*u, x + 2*u + 0*u - 13 = 0. What is the remainder when 116 is divided by x?
11
Let y = 49 - 48. Calculate the remainder when (12/18)/(y/51) is divided by 7.
6
Let f = -20 - -35. What is the remainder when (-178)/(-4005) + (-28068)/(-270) is divided by f?
14
Let w = 26 - 26. Suppose 0 = -8*q + 5*q + 4*f + 305, w = 4*q - 5*f - 406. Calculate the remainder when q is divided by 25.
24
Suppose 5*g = g - 88. Let f = 22 - g. Calculate the remainder when 175 is divided by f.
43
Let x(l) = 63*l + 29. Calculate the remainder when 181 is divided by x(1).
89
Let v = 484 - 449. Calculate the remainder when 96 is divided by v.
26
Let w(b) = 12*b + 12. Let c be w(-1). Suppose c = -8*v - 0 + 528. What is the remainder when 194 is divided by v?
62
Let n(z) = 3*z**2 - 11*z - 29. What is the remainder when n(-3) is divided by 11?
9
Suppose 0*x + x = -l + 18, -4*x - 2*l + 66 = 0. Calculate the remainder when 25 is divided by x.
10
Suppose -67 = -25*s + 133. What is the remainder when 82 is divided by s?
2
Let f(c) = c**3 - 14*c**2 + 15*c - 21. Let y be f(13). Suppose -r = -y*h + 19, h + 4*r - 5 = 3*r. Calculate the remainder when (-87)/(-9) - 4/6 is divided by h.
1
Let y be (4/6)/((-2)/597). Let d = y - -341. Calculate the remainder when d is divided by 48.
46
Let c = 0 + 43. Let m be (-90)/4*(-220)/(-25). Let l = m - -281. Calculate the remainder when l is divided by c.
40
Let c be (4/((-16)/(-30)))/((-3)/4). What is the remainder when 18 is divided by c/4*(-44)/55?
0
Let s = -13 - -16. Suppose s*u - 15 = -3. Calculate the remainder when u is divided by 2/(1/(1/1)).
0
Let u = -31 - 38. Let m = -31 - u. What is the remainder when 74 is divided by m?
36
Let f = 231 - 107. Let i = 112 - 108. Suppose 0*j = -i*j + f. What is the remainder when j is divided by 16?
15
Let a = 1119 + -293. Calculate the remainder when a is divided by 18.
16
Suppose 5*m + 20 = 85. What is the remainder when m is divided by 16*(-10)/(-30) + (-12)/9?
1
What is the remainder when 260/(-8)*(-672)/140 is divided by 23?
18
Let o(y) = y**2 + 14*y - 25. Calculate the remainder when o(-18) is divided by 16.
15
Let c = 1 + 3. Suppose 2*k = t + c*t - 21, 2*t + 2*k = 0. Suppose 4*g - 8*g + 32 = 0. Calculate the remainder when g is divided by t.
2
Let q(z) = 327*z**3 - 2*z**2 - z. Let j be q(-1). Calculate the remainder when 2/6 - j/6 is divided by (8/(-4))/(2/(-19)).
17
What is the remainder when 222 is divided by 159/(1 + 5/10)?
10
Let j = 57 - -36. What is the remainder when 102 is divided by j?
9
Suppose 5*b - 5 = 0, -6*b + 1 = -f - 2*b. Let h(a) = -18*a**2 + 17*a - 4*a**3 - 21 + 5*a**f + 2*a**2. What is the remainder when h(15) is divided by 4?
1
Let n(d) = 0 - 3 + 0 + 5*d. Let s be 8*(0 + 4/8). What is the remainder when n(s) is divided by 10?
7
Suppose z = -6*z. Suppose -5*j + 27 + 143 = z. Let p = j - 14. Calculate the remainder when 58 is divided by p.
18
Let p(b) = 7*b**3 + b**2 - 20*b + 22. Let i(s) = 4*s**3 + s**2 - 10*s + 11. Let q(n) = 5*i(n) - 3*p(n). Calculate the remainder when q(-5) is divided by 29.
27
Suppose 3 - 12 = -3*w. Let o be -3 - ((2 - w) + -30). Let p = o + -15. What is the remainder when 23 is divided by p?
10
Let w(r) be the first derivative of 11*r**3/3 + 5*r**2/2 + 6*r + 20. What is the remainder when 35 is divided by w(-1)?
11
Let j = 20 + -16. Suppose z + 5*r = -4*z + 175, -j*r = 4. Calculate the remainder when z is divided by 10.
6
Let s = 520 - 477. Calculate the remainder when s is divided by 17 - ((-1 - 0) + 3).
13
Let g = 8 + -9. Let a = g + 24. Suppose 2*r - 134 = y, -r + 42 = -5*y - 16. What is the remainder when r is divided by a?
22
Suppose 4*i - 4*a = 40, -4*i = i - 2*a - 35. Suppose 0*l + 24 = 3*l. Calculate the remainder when l is divided by i.
3
Let p(a) = -a + 39. Calculate the remainder when p(-15) is divided by ((-319)/87)/(1*2/(-6)).
10
Suppose -3*k + 416 = -2*j, 2*j + j + 693 = 5*k. Suppose k = 7*h - 4*h. Let q = 41 - 17. Calculate the remainder when h is divided by q.
22
Suppose -2*g + 43*q - 46*q + 555 = 0, 5*g = 2*q + 1435. What is the remainder when g is divided by 72?
69
Suppose 0 = -2*l + 2*w + 50, 4*l - 2*w - 31 = 79. Calculate the remainder when 265 is divided by l.
25
Let u be 4 - ((-4 - 4) + 4). Calculate the remainder when 16 is divided by -4*(-7)/u*2.
2
Suppose -2*p - 59 = -4*q + 3*p, -p - 31 = -2*q. Suppose -15*z + 19*z = -4*a + 136, 158 = 3*a - 5*z. Calculate the remainder when a is divided by q.
9
Suppose 120 = 2*w + q, -1 = -3*q - 7. Calculate the remainder when 184 is divided by w.
1
Suppose 0 = 3*a - 9, 15 - 13 = s - a. Calculate the remainder when s is divided by 5.
0
Let u = 56 - 40. Let d = u - 13. Suppose -v + 3*s - 93 = -5*v, 66 = d*v + 3*s. What is the remainder when v is divided by 5?
2
Let s(o) = -3*o - 3. Let z be s(-2). Suppose z*h - 61 = 2*h + 2*g, 2*g - 110 = -2*h. What is the remainder when h is divided by 15?
12
Let r = -31 - -45. Let g(z) = z**2 + 4*z - 13. Let i be g(-7). Let c = -3 + i. What is the remainder when r is divided by c?
4
Let v = 57 - 28. Suppose t = -d + 1 - 0, 4*t = d + v. Calculate the remainder when 29 is divided by t.
5
Let v be -4*(0 + (-2)/8). Suppose -2*q - v - 6 = -n, n - 4*q - 9 = 0. Suppose z - n*m = 103, z + 1 = 4*m + 103. Calculate the remainder when z is divided by 25.
23
Let v(p) = 4*p - 23. Let b be v(10). Suppose b*y - 7*y - 160 = 0. What is the remainder when 75 is divided by y?
11
Let y(s) = -73*s - 284. What is the remainder when y(-7) is divided by 10?
7
Let h be (5/4)/(7/28). Suppose 528 = h*g - g. Calculate the remainder when g is divided by 45.
42
What is the remainder when (1 - -1) + 2 - (-50 - 15) is divided by 12?
9
Suppose 0*g + 20 = g. Let w = g - 12. What is the remainder when 37 is divided by w?
5
Let h = 297 - 257. What is the remainder when h is divided by 7?
5
Suppose -5*m = -0*m - 905. Let t = m - 82. Calculate the remainder when t is divided by 25.
24
Let y be (126/49)/(6/28). Let j = -3 - y. Let s = 17 + j. What is the remainder when 3 is divided by s?
1
Let t(m) = -3 + 0 - m - 1. Let x be t(-6). Calculate the remainder when 17 is divided by -6*((-1)/(-2) - x).
8
Let c = -8 + 15. Calculate the remainder when c*9 - (-28 + 32) is divided by 10.
9
Suppose 0 = -u + 2, 3*z - 8*z - 3*u = 19. Suppose 6*b - 30 = b. What is the remainder when 2*((-495)/b)/z is divided by 18?
15
Let i(m) = 2*m**2 - 5*m - 8. Let q(a) = 2*a**2 + 17 + 3*a**2 - 4*a**2 - a. Calculate the remainder when q(0) is divided by i(-2).
7
Suppose -o + 10 = -6*o, y + 2*o - 17 = 0. Calculate the remainder when y/(-147) + 197/7 is divided by 8.
4
Suppose 0 = 108*m - 107*m - 782. What is the remainder when m is divided by 49?
47
Suppose s + 4*w + 695 - 722 = 0, 5*w - 75 = -5*s. Calculate the remainder when s is divided by 7/(0 + 2 + -1).
4
Suppose 0 = -5*g - 5*p + 135, 2*g - 24 = 5*p + 23. What is the remainder when 78 is divided by g?
0
Let b = 7 - 5. Suppose -b*x = 2*s + 3*x - 45, 0 = -5*s - 4*x + 70. Let d(v) = -8*v - 3. Calculate the remainder when d(-4) is divided by s.
9
Let b(m) = -m**3 - 17*m**2 + 9*m + 35. Let i be b(-17). Let n = i + 145. Calculate the remainder when 106 is divided by n.
25
Suppose -a + 2*a = 4. Suppose -10 = d - a. Calculate the remainder when 29 is divided by d/(-9)*(19 - 4).
9
Let v be ((-76)/3)/((-1)/3). Suppose 62 = -17*q + 827. Let n = v - q. What is the remainder when n is divided by 17?
14
Suppose 0 = -n - 3*w - 6 + 2, 3*w + 52 = 5*n. Suppose 4 = -k + 9. What is the remainder when n is divided by k?
3
Let k = -90 + 38. Let r = 60 + k. What is the remainder when 35 is divided by r?
3
Suppose -5*b = -2*h - 43, 4*b - 21 = 4*h + 11. Calculate the remainder when 24 is divided by b.
6
Suppose 0 = 125*r - 124*r - 43. Calculate the remainder when 213 is divided by r.
41
Let x be (2 + -3 - 3)*-7. Calculate the remainder when 56 is divided by 1 + 10/(-8) + 819/x.
27
Let u = -425 - -567. What is the remainder when u is divided by 